{"id":35,"date":"2016-09-22T11:59:23","date_gmt":"2016-09-22T08:59:23","guid":{"rendered":"http:\/\/www.mopogp.fi\/?page_id=35"},"modified":"2025-06-20T08:00:32","modified_gmt":"2025-06-20T05:00:32","slug":"kisakalenteri","status":"publish","type":"page","link":"http:\/\/www.mopogp.fi\/?page_id=35","title":{"rendered":"Kisakalenteri"},"content":{"rendered":"\n<p>\u00a0Mopojen Luotettavuustestiajo Jurvan Botniaringill\u00e4 30.8.2025!<\/p>\n\n\n\n<p>Linkki lis\u00e4tietoihin <a href=\"https:\/\/www.facebook.com\/events\/639243258856936?acontext=%7B%22event_action_history%22%3A[%7B%22mechanism%22%3A%22attachment%22%2C%22surface%22%3A%22newsfeed%22%7D]%2C%22ref_notif_type%22%3Anull%7D\">t\u00e4ss\u00e4.<\/a><\/p>\n\n\n<p><strong>Kauden 2024 kisat:<\/strong><\/p>\n<header>\n<div class=\"post-date-feather\">&nbsp;Tapahtuma:<\/div>\n<div class=\"post-date-feather\">Haminan perinteiset mopokisat j\u00e4rjestet\u00e4\u00e4n lauantaina 9.3. klo 10.30 alkaen Bastionissa!<\/div>\n<div class=\"post-date-feather\">Kujansuu MC:n yhteisty\u00f6ss\u00e4 Hamina Bastionin kanssa j\u00e4rjest\u00e4m\u00e4 talvitapahtuma, jossa ajetaan kisaa mopoilla 3 hengen joukkueilla eri luokissa. Lis\u00e4infoa <a href=\"https:\/\/www.facebook.com\/events\/1791299967979981\">t\u00e4\u00e4lt\u00e4.<\/a><\/div>\n<div class=\"post-date-feather\">&#8212;&#8212;&#8212;&#8212;&#8212;&#8212;&#8212;&#8212;&#8212;&#8212;&#8212;&#8212;&#8212;&#8212;&#8212;&#8212;&#8212;&#8212;&#8212;&#8212;&#8212;&#8212;&#8212;&#8212;&#8212;&#8212;&#8212;&#8212;-Perinteinen VRT:n Sohjonkynt\u00f6 &#8221;mopo-kisa&#8221; ajetaan 23.3.2023 klo 14:00 alkaen. Kynt\u00f6paikkana toimii Varkauden Speedway Stadion.<\/div>\n<div class=\"post-date-feather\">Huom. Ei mopoendurance osakilpailu! Lis\u00e4tiedot <a href=\"https:\/\/www.varkausracingteam.fi\/SOHJONKYNTOe-2024\/\">t\u00e4st\u00e4<\/a>.<\/div>\n<div class=\"post-date-feather\">&#8212;&#8212;&#8212;&#8212;&#8212;&#8212;&#8212;&#8212;&#8212;&#8212;&#8212;&#8212;&#8212;&#8212;&#8212;&#8212;&#8212;&#8212;&#8212;&#8212;&#8212;&#8212;&#8212;&#8212;&#8212;&#8212;&#8212;&#8212;-<\/div>\n<\/header>\n<div id=\"content\" class=\"post-single-content box mark-links\">\n<hr>\n<p>Alustava kilpailukalenteri:<\/p>\n<p>15.6. Kaanaa, sekarata. Kilpailu peruttu!<\/p>\n<p>31.8. Imatra, sekarata<\/p>\n<\/div>\n<div class=\"x1e56ztr x1xmf6yo\"><\/div>\n<div dir=\"auto\"><\/div>","protected":false},"excerpt":{"rendered":"<p>\u00a0Mopojen Luotettavuustestiajo Jurvan Botniaringill\u00e4 30.8.2025! Linkki lis\u00e4tietoihin t\u00e4ss\u00e4. Kauden 2024 kisat: &nbsp;Tapahtuma: Haminan perinteiset mopokisat j\u00e4rjestet\u00e4\u00e4n lauantaina 9.3. klo 10.30 alkaen Bastionissa! Kujansuu MC:n yhteisty\u00f6ss\u00e4 Hamina Bastionin kanssa j\u00e4rjest\u00e4m\u00e4 talvitapahtuma, jossa ajetaan kisaa mopoilla 3 hengen joukkueilla eri luokissa. Lis\u00e4infoa t\u00e4\u00e4lt\u00e4. &#8212;&#8212;&#8212;&#8212;&#8212;&#8212;&#8212;&#8212;&#8212;&#8212;&#8212;&#8212;&#8212;&#8212;&#8212;&#8212;&#8212;&#8212;&#8212;&#8212;&#8212;&#8212;&#8212;&#8212;&#8212;&#8212;&#8212;&#8212;-Perinteinen VRT:n Sohjonkynt\u00f6 &#8221;mopo-kisa&#8221; ajetaan 23.3.2023 klo 14:00 alkaen. Kynt\u00f6paikkana toimii Varkauden Speedway Stadion. &hellip; <a href=\"http:\/\/www.mopogp.fi\/?page_id=35\" class=\"more-link\">Jatka lukemista <span class=\"screen-reader-text\">Kisakalenteri<\/span> <span class=\"meta-nav\">&rarr;<\/span><\/a><\/p>\n","protected":false},"author":2,"featured_media":0,"parent":0,"menu_order":0,"comment_status":"closed","ping_status":"closed","template":"","meta":[],"_links":{"self":[{"href":"http:\/\/www.mopogp.fi\/index.php?rest_route=\/wp\/v2\/pages\/35"}],"collection":[{"href":"http:\/\/www.mopogp.fi\/index.php?rest_route=\/wp\/v2\/pages"}],"about":[{"href":"http:\/\/www.mopogp.fi\/index.php?rest_route=\/wp\/v2\/types\/page"}],"author":[{"embeddable":true,"href":"http:\/\/www.mopogp.fi\/index.php?rest_route=\/wp\/v2\/users\/2"}],"replies":[{"embeddable":true,"href":"http:\/\/www.mopogp.fi\/index.php?rest_route=%2Fwp%2Fv2%2Fcomments&post=35"}],"version-history":[{"count":150,"href":"http:\/\/www.mopogp.fi\/index.php?rest_route=\/wp\/v2\/pages\/35\/revisions"}],"predecessor-version":[{"id":899,"href":"http:\/\/www.mopogp.fi\/index.php?rest_route=\/wp\/v2\/pages\/35\/revisions\/899"}],"wp:attachment":[{"href":"http:\/\/www.mopogp.fi\/index.php?rest_route=%2Fwp%2Fv2%2Fmedia&parent=35"}],"curies":[{"name":"wp","href":"https:\/\/api.w.org\/{rel}","templated":true}]}}